 What is the units digit of 0 - 1/y*1?
1
Let b = 5 + 8. Let r = 23 - b. What is the units digit of r?
0
Suppose 3*z + 2 = -r + 2*r, 2*r = 5*z + 5. Suppose -r = -x, 0 = -3*h - 3*x + 21 - 3. What is the units digit of h?
1
Let h(x) = x**3 - 14*x**2 + 16*x + 4. What is the tens digit of h(13)?
4
Suppose -94 - 6 = -4*s. What is the units digit of s?
5
Let t = -7 - -10. Suppose -2*b = 5*d - 18, 3*b = 3*d - 0 + 6. Suppose -t*c + d + 25 = 0. What is the units digit of c?
9
Suppose -628 = -6*m + 272. What is the units digit of m?
0
Let k(x) = -x - 4. Let j be k(0). Let i be 6 + (-2)/(j/(-2)). What is the units digit of (1 + i)*(-4)/(-6)?
4
Suppose 41 = 3*n - 43. What is the units digit of n?
8
What is the tens digit of 1 - -2 - (3 + -39)?
3
Let y(u) = 9*u + 9. Let k be y(-7). What is the units digit of ((-6)/4)/(3/k)?
7
Let m = 15 - -15. What is the tens digit of ((-1)/(-1))/(1/m)?
3
Let t be (24/(-3))/(2/(-8)). Suppose t = 4*p - 64. What is the units digit of p?
4
Let l = 12 - -41. What is the tens digit of l?
5
Let h(b) be the second derivative of -b**3/3 - 3*b**2 + 3*b. What is the tens digit of h(-13)?
2
Let f(y) = 2*y**2 + 7*y + 4. Let l(d) = 7*d + 2. Let w be l(-1). What is the tens digit of f(w)?
1
Let x(v) = v**2 + 6*v - 13. Let h be x(-9). Let j = 33 - h. What is the units digit of j?
9
Let u = 5 - -8. Let b = -26 + u. Let y = b - -25. What is the tens digit of y?
1
Suppose 0 = n + 10 - 41. What is the tens digit of n?
3
Let i(c) = -c**3 - 5*c**2 + 3*c + 3. Suppose -y - g - 1 = 2, 3*y - 2*g + 19 = 0. Let o be i(y). Let n = o + 17. What is the units digit of n?
5
Suppose -3*n - 3*n = -12. Suppose 4*w = -n*l + 36, 2*w + 3*l - 12 - 14 = 0. What is the units digit of w?
7
Let n(v) = v**2 - 7*v + 14. Let f(q) = q**2 - 7*q + 13. Let g(b) = 5*f(b) - 4*n(b). What is the units digit of g(6)?
3
Let f(o) = -o**3 - 6*o**2 - 3*o - 8. Let d be 5 - (-1 + 2 + -1). Suppose -1 = -d*q + 14, 3 = l + 3*q. What is the units digit of f(l)?
0
Let f(l) = 5*l**3 + l**2 - 2*l + 1. Let b be f(1). Suppose -b*v - 20 - 10 = 0. Let x = v + 13. What is the units digit of x?
7
Let f(t) = 8*t - 7 + 2*t - 7*t**2 + 0*t**2 + t**3. What is the units digit of f(6)?
7
Suppose -c + 1 - 11 = 0. Let p(j) = -j**2 - 13*j - 8. What is the tens digit of p(c)?
2
Suppose 48*u = 37*u + 66. What is the units digit of u?
6
Let x = 5 - -6. Suppose -3*f + 2*f + x = 0. What is the tens digit of f?
1
Suppose 5*i = -65 - 30. Let p = -3 - i. What is the units digit of p?
6
Suppose 5*f - 13 - 2 = 0. Suppose -f*c - 5 = 10, -5*q + 2*c = -280. What is the tens digit of q?
5
Let s be (0 - 42/8)*12. Let t = -43 - s. Let q = t + -12. What is the units digit of q?
8
Suppose -4 + 100 = 4*s. What is the units digit of s?
4
Let i(q) = 14*q**2 - 2. Let k be i(1). Suppose 6*f - 7*f = -k. What is the units digit of f?
2
Let h(m) = 2*m**2 - 17*m + 1. What is the units digit of h(10)?
1
What is the tens digit of (96/(-9))/((-1)/3)?
3
Let h be -5 + 3 - 1 - 3. Let s = 6 + h. Suppose l - w - 9 = s, 7 = -5*l + 3*w + 60. What is the units digit of l?
3
Suppose 0*x = x - 2. Suppose x*t = 4 + 10. What is the units digit of t?
7
What is the tens digit of (-2)/(-7) + (-4810)/(-70)?
6
Suppose -7*l + 438 = -360. What is the hundreds digit of l?
1
Suppose -7*c + 5*c + 56 = 0. What is the units digit of c?
8
Suppose -2*l = 3*k - 92, -13 = -k + 2*l + 7. Let i = 59 - k. What is the tens digit of i?
3
Suppose -19*u + 1312 = -3*u. What is the units digit of u?
2
Let j(x) = 2*x**2 - 19*x - 4. Let s be j(10). Suppose -q + 9 + 1 = 0. Suppose -4*a + s = -q. What is the units digit of a?
4
Suppose 0 = -4*a - c - 1, 2*c = -2*a - 3*a - 2. Suppose s + a*s - 34 = 0. What is the units digit of s?
4
Let z(n) = -3*n + 12. Let o(u) = 8*u - 35. Let c(y) = -4*o(y) - 11*z(y). Let s be c(-6). Suppose -5*k = s - 12. What is the units digit of k?
2
Suppose 4*m = -3*c + 35, 3*c + 5*m = 3*m + 25. What is the units digit of c?
5
Let q = -22 + 84. What is the units digit of q?
2
Let s(d) be the second derivative of -d**4/12 - 5*d**3/3 - 2*d**2 - 2*d. What is the tens digit of s(-8)?
1
Let n(s) = 2*s**2 + 2*s - 4. Suppose 15 = -p - 4*p. What is the units digit of n(p)?
8
Let t = 238 + -195. What is the tens digit of t?
4
Let m(z) = 12*z - 8. Let q be m(6). Suppose -4*k - 2*c = -q, 2*k + 2*c + 7 = 41. What is the units digit of k?
5
Suppose 72 = 3*x + 3*q - 12, 5*x - 185 = 4*q. What is the units digit of x?
3
Suppose 4*z - 16 = 0, -4*y - 3*z - 2*z = -16. Suppose -9*g = -8*g - 2. Let n = g + y. What is the units digit of n?
1
Suppose -3 + 18 = 5*i. Suppose -2*q = i*p - 55, -p - q + 5 = -14. What is the tens digit of p?
1
Let z be ((-8)/4 - -5) + 2. Suppose -10*h + z*h + 185 = 0. What is the units digit of h?
7
Suppose -22 = -i + 2. What is the tens digit of i?
2
Suppose 0 = -4*j - 4*v + 36, j = -2*v + 15 - 1. Suppose -j*d = l - 14, -l + d + 4 + 5 = 0. What is the tens digit of l?
1
Suppose -15 - 150 = 5*u - 5*h, 5*h - 49 = u. What is the tens digit of u*(8/(-2) - -3)?
2
Let k(b) = -b**3 - 5*b**2 - 4*b + 5. Let y be k(-5). Let u = y + -18. What is the units digit of u?
7
Let x = -3 - -5. Suppose -3*q + 0*q - 4*f = 10, x*q - f - 8 = 0. Suppose -t = -q*t + 4*h - 18, 0 = -2*t + 3*h - 11. What is the units digit of t?
2
Let h = -15 + 15. Suppose 132 = 3*d - h*d. What is the tens digit of d?
4
Suppose -4*z - 2*y = -6, z + z = -3*y + 5. What is the tens digit of (z/3 - 1)*-39?
2
Let g(q) = q**3 + 11*q**2 - 8. Let b be g(-11). Let m = b + 23. What is the units digit of m?
5
Let q be -12*(-1 - (-6)/9). Suppose q*g = 2*g + 22. What is the units digit of g?
1
Let u = -5 + 10. Let s(b) = -b + 7. Let r be s(6). Suppose 2*a = 2*g - 10, -u*a + 1 = 4*g - r. What is the units digit of g?
3
Let w(q) = -q**3 - q + 0*q**3 + 1 + 4*q**2 - 3. Let y be w(2). Suppose 33 = y*r - r. What is the units digit of r?
1
Let f(j) = 9*j**2 - 1. Let z be f(1). Suppose -2 = -2*m + z. Suppose -d - 12 = -m*d. What is the units digit of d?
3
Suppose -4*s = -u + 52, 13 - 75 = 5*s - 2*u. What is the units digit of 114/10 - s/(-35)?
1
Let w(q) = q**2 + 9*q. Let c be w(-8). Let d = -1 + c. Let z = d - -13. What is the units digit of z?
4
Suppose 0 = s + 3*f - 12, 0*f - 12 = -5*s - 3*f. Suppose s*j - 30 = -2*j. What is the units digit of j?
5
What is the units digit of (91/(-5))/((-4)/20)?
1
Let t = 82 + -27. What is the units digit of t?
5
Let a(k) = -k**3 - 4*k**2 + 7*k + 7. Let q be a(-5). What is the units digit of (q/2)/((-54)/936)?
6
Let h = 9 + 73. What is the tens digit of h?
8
Let r(v) = v + 6. Let f be r(-6). Suppose f = -4*b + 9*b - 15. Suppose b*l - 18 - 36 = 0. What is the tens digit of l?
1
Let c(z) = -3*z + 6. Let l be c(-6). Let a = 41 - l. Let k = a - 6. What is the units digit of k?
1
Let u = -146 + 223. What is the tens digit of u?
7
Let w = -147 - -240. What is the units digit of w?
3
Suppose b = -z + 50, 0 = -3*z - 2*z - 3*b + 240. Let n = z - 27. Suppose 5*d + 20 = 0, -2*m + 12 = -4*d - n. What is the units digit of m?
7
Suppose 0 = 2*i - 148 - 302. What is the tens digit of i?
2
Let m(b) = b**3 - 9*b**2 + 8*b - 2. Let u be m(8). Let c = 14 - u. What is the tens digit of c?
1
Suppose 4*s + 108 = 7*s. What is the tens digit of s?
3
Let f = 191 - 115. What is the units digit of f?
6
Let b(s) = -s**2 + 15*s - 6. Let h be b(8). Suppose -3*j + h = -x - 167, -2*j + 2*x + 138 = 0. Suppose -16 - j = -5*l. What is the units digit of l?
8
Suppose -h + 2*h = 0. Let k = 0 - -5. Suppose k*s + h*y = 2*y + 34, 2*s + y = 10. What is the units digit of s?
6
Suppose 922 = 6*h + 160. What is the hundreds digit of h?
1
Suppose 4*i = 4, -2*r + 16 = -r + 4*i. What is the tens digit of r?
1
Let c(w) = -w**2 - 5*w + 6. Let t be c(-6). Suppose -d + 0*d + 16 = t. Suppose 0 = 4*b - 0*b - d. What is the units digit of b?
4
Let l(a) = a**3 - 5*a**2 + 5. Let n be l(5). Suppose 0 = -2*h + n*c + 121, 4*c - 6*c = -4*h + 218. What is the tens digit of h?
5
Let k(z) = -2*z - 3. Let x be k(-2). Suppose 4*m - 39 - x = 0. What is the tens digit of m?
1
Suppose 5*q - b = 12, -3*q = 2*q + 5*b. Let r = -2 + 3. Suppose -m + 2 = i + 4, q*m = -i + r. What is the units digit of m?
3
Let a(o) = o**3 - 3*o**2 + 3*o + 1. Suppose -7*m + 2*m - c = -14, -3*c - 3 = 0. What is the tens digit of a(m)?
1
Suppose 5*y - 26 = -5*d +